{"id":288,"date":"2014-01-01T13:00:43","date_gmt":"2014-01-01T13:00:43","guid":{"rendered":"http:\/\/www.16-9.dk\/3\/?page_id=288"},"modified":"2020-05-07T21:46:21","modified_gmt":"2020-05-07T19:46:21","slug":"profil","status":"publish","type":"page","link":"http:\/\/www.16-9.dk\/3\/profil\/","title":{"rendered":"Profil"},"content":{"rendered":"<p>16:9 er et uafh\u00e6ngigt dansk filmtidsskrift med akademisk tilsnit, hvis redaktion har base i Aarhus. Vi l\u00e6gger v\u00e6gt p\u00e5 at kombinere det velskrevne med det originale, og s\u00e5 bestr\u00e6ber vi os p\u00e5 at behandle filmen p\u00e5 filmens pr\u00e6misser.<\/p>\n<p>Selvom man kun kan finde os online, l\u00e6gger vi v\u00e6gt p\u00e5 at v\u00e6re et &#8216;rigtigt&#8217; tidsskrift med lange, dybdeg\u00e5ende artikler og faste rubrikker.<\/p>\n<p><em>16:9<\/em>\u00a0er gratis for alle.<\/p>\n<h3>Datoer<\/h3>\n<p>16:9&#8217;s artikler udkommer l\u00f8bende &#8211; cirka \u00e9n om ugen bortset fra i ferieperioder. Tidligere (2003-2013) udkom artiklerne i numre fem gange om \u00e5ret, nemlig i februar, april, juni, september og november. Tidsskriftet udkom f\u00f8rste gang i april 2003.<\/p>\n<h3>Redaktionel linje<\/h3>\n<p>I f\u00f8rste og tredje nummer af\u00a0<em>16:9<\/em>\u00a0kan man l\u00e6se mere om baggrunden for tidsskriftet og den planlagte redaktionelle linie:<\/p>\n<ul>\n<li><a href=\"http:\/\/www.16-9.dk\/2003-04\/side03_leder.htm\">L\u00e6s lederen fra f\u00f8rste nummer<\/a><\/li>\n<li><a href=\"http:\/\/www.16-9.dk\/2003-09\/side03_leder.htm\">L\u00e6s lederen fra tredje nummer<\/a><\/li>\n<\/ul>\n","protected":false},"excerpt":{"rendered":"<p>16:9 er et uafh\u00e6ngigt dansk filmtidsskrift med akademisk tilsnit, hvis redaktion har base i Aarhus. Vi l\u00e6gger v\u00e6gt p\u00e5 at kombinere det velskrevne med det originale, og s\u00e5 bestr\u00e6ber vi [&hellip;]<\/p>\n","protected":false},"author":17,"featured_media":0,"parent":0,"menu_order":0,"comment_status":"closed","ping_status":"closed","template":"","meta":{"footnotes":""},"_links":{"self":[{"href":"http:\/\/www.16-9.dk\/3\/wp-json\/wp\/v2\/pages\/288"}],"collection":[{"href":"http:\/\/www.16-9.dk\/3\/wp-json\/wp\/v2\/pages"}],"about":[{"href":"http:\/\/www.16-9.dk\/3\/wp-json\/wp\/v2\/types\/page"}],"author":[{"embeddable":true,"href":"http:\/\/www.16-9.dk\/3\/wp-json\/wp\/v2\/users\/17"}],"replies":[{"embeddable":true,"href":"http:\/\/www.16-9.dk\/3\/wp-json\/wp\/v2\/comments?post=288"}],"version-history":[{"count":0,"href":"http:\/\/www.16-9.dk\/3\/wp-json\/wp\/v2\/pages\/288\/revisions"}],"wp:attachment":[{"href":"http:\/\/www.16-9.dk\/3\/wp-json\/wp\/v2\/media?parent=288"}],"curies":[{"name":"wp","href":"https:\/\/api.w.org\/{rel}","templated":true}]}}