{"id":234,"date":"2014-01-01T13:00:21","date_gmt":"2014-01-01T13:00:21","guid":{"rendered":"http:\/\/www.16-9.dk\/3\/?page_id=234"},"modified":"2021-07-15T13:44:20","modified_gmt":"2021-07-15T11:44:20","slug":"skribenter","status":"publish","type":"page","link":"http:\/\/www.16-9.dk\/3\/skribenter\/","title":{"rendered":"Skribenter"},"content":{"rendered":"\n<p><span style=\"line-height: 1.5em;\">Artiklerne i&nbsp;<\/span><em style=\"line-height: 1.5em;\">16:9<\/em><span style=\"line-height: 1.5em;\">&nbsp;skrives dels af medlemmerne af den faste&nbsp;redaktion&nbsp;og dels af eksterne skribenter. F\u00e6lles for dem alle er, at de besidder specialviden om film &#8211; i de fleste tilf\u00e6lde tilegnet via en mediefaglig eller anden akademisk uddannelse.<\/span><\/p>\n\n\n\n<p>Her f\u00f8lger en alfabetisk oversigt over de skribenter, som har bidraget til <em>16:9<\/em>. Klik p\u00e5 hver enkelt for at l\u00e6se deres biografi og f\u00e5 en liste over de artikler, de har skrevet.<\/p>\n\n\n\n<h3 class=\"wp-block-heading\">A<\/h3>\n\n\n\n<ul><li><a href=\"http:\/\/www.16-9.dk\/skribent\/stacey-abbott\/\">Stacey Abbott<\/a><\/li><li><a href=\"http:\/\/www.16-9.dk\/2014\/01\/gunhild-agger-artikler-i-arkivet\/\">Gunhild Agger<\/a><\/li><li><a href=\"http:\/\/www.16-9.dk\/skribent\/mads-moeller-andersen\/\">Mads M\u00f8ller Andersen<\/a><\/li><li><a href=\"http:\/\/www.16-9.dk\/2014\/01\/rasmus-chr-andersen-artikler-i-arkivet\/\">Rasmus Chr. Andersen<\/a><\/li><li><a href=\"http:\/\/www.16-9.dk\/skribent\/christian-voldborg-andersen\/\">Christian Voldborg Andersen<\/a><\/li><li><a href=\"http:\/\/www.16-9.dk\/2014\/01\/jens-arentzen-artikler-i-arkivet\/\">Jens Arentzen<\/a><\/li><\/ul>\n\n\n\n<h3 class=\"wp-block-heading\">B<\/h3>\n\n\n\n<ul><li><a href=\"http:\/\/www.16-9.dk\/2014\/01\/jon-bager-artikler-i-arkivet\/\">Jon Bager<\/a><\/li><li><a href=\"http:\/\/www.16-9.dk\/skribent\/mads-anders-baggesgaard\/\">Mads Anders Baggesgaard<\/a><\/li><li><a href=\"http:\/\/www.16-9.dk\/2014\/01\/laura-petersen-balogh-artikler-i-arkivet\/\">Laura Petersen Balogh<\/a><\/li><li><a href=\"http:\/\/www.16-9.dk\/skribent\/thomas-schwartz-larsen\/\">Bamses Uvenner<\/a><\/li><li><a href=\"http:\/\/www.16-9.dk\/2014\/01\/charles-barr-artikler-i-arkivet\/\">Charles Barr<\/a><\/li><li><a href=\"http:\/\/www.16-9.dk\/skribent\/luca-barra\/\">Luca Barra<\/a><\/li><li><a href=\"http:\/\/www.16-9.dk\/skribent\/soeren-roerdam-bastholm\/\">S\u00f8ren R\u00f8rdam Bastholm<\/a><\/li><li><a href=\"http:\/\/www.16-9.dk\/skribent\/martin-bille\/\">Martin Bille<\/a><\/li><li><a href=\"http:\/\/www.16-9.dk\/2014\/01\/peter-stochholm-bjerre-artikler-i-arkivet\/\">Peter Stochholm Bjerre<\/a><\/li><li><a href=\"http:\/\/www.16-9.dk\/2014\/01\/michael-bo-artikler-i-arkivet\/\">Michael Bo<\/a><\/li><li><a href=\"http:\/\/www.16-9.dk\/skribent\/jesper-haarup-borchmann\/\">Jesper Haarup Borchmann<\/a><\/li><li><a href=\"http:\/\/www.16-9.dk\/2014\/01\/david-bordwell-artikler-i-arkivet\/\">David Bordwell<\/a><\/li><li><a href=\"http:\/\/www.16-9.dk\/skribenter-old\/brendstrup-rasmus.htm\">Rasmus Brendstrup<\/a><\/li><li><a href=\"http:\/\/www.16-9.dk\/2014\/01\/lars-bukdahl-artikler-i-arkivet\/\">Lars Bukdahl<\/a><\/li><li><a href=\"http:\/\/www.16-9.dk\/2014\/01\/bukselak-artikler-i-arkivet\/\">Bukselak<\/a><\/li><li><a href=\"http:\/\/www.16-9.dk\/skribent\/mikael-busch\/\">Mikael Busch<\/a><\/li><li><a href=\"http:\/\/www.16-9.dk\/2014\/01\/peder-boedker-artikler-i-arkivet\/\">Peder B\u00f8dker<\/a><\/li><\/ul>\n\n\n\n<h3 class=\"wp-block-heading\">C<\/h3>\n\n\n\n<ul><li><a href=\"http:\/\/www.16-9.dk\/skribent\/bert-cardullo\/\">Bert&nbsp;Cardullo<\/a><\/li><li><a href=\"http:\/\/www.16-9.dk\/skribent\/alexander-kjems-christensen\/\">Alexander Kjems Christensen<\/a><\/li><li><a href=\"http:\/\/www.16-9.dk\/skribent\/ove-christensen\/\">Ove Christensen<\/a><\/li><li><a href=\"http:\/\/www.16-9.dk\/skribent\/joergen-riber-christensen\/\">J\u00f8rgen Riber Christensen<\/a><\/li><li><a href=\"http:\/\/www.16-9.dk\/skribent\/clasen-knudsen\/\">Mathias Clasen<\/a><\/li><li><a href=\"http:\/\/www.16-9.dk\/skribent\/magnus-corvus\/\">Magnus Corvus<\/a><\/li><li><a href=\"http:\/\/www.16-9.dk\/skribent\/lilian-curran-hans-oluf-schou\/\">Lilian Curran<\/a><\/li><\/ul>\n\n\n\n<h3 class=\"wp-block-heading\">D<\/h3>\n\n\n\n<ul><li><a href=\"http:\/\/www.16-9.dk\/skribent\/freja-dam\/\">Freja Dam<\/a><\/li><li><a href=\"http:\/\/www.16-9.dk\/2014\/01\/mogens-damgaard-artikler-i-arkivet\/\">Mogens Damgaard<\/a><\/li><li><a href=\"http:\/\/www.16-9.dk\/2014\/01\/maja-sonne-damkjaer-artikler-i-arkivet\/\">Maja Sonne Damkj\u00e6r<\/a><\/li><li><a href=\"http:\/\/www.16-9.dk\/2014\/01\/thomas-teilmann-damm-artikler-i-arkivet\/\">Thomas Teilmann&nbsp;Damm<\/a><\/li><li><a href=\"http:\/\/www.16-9.dk\/skribent\/marshall-deutelbaum\/\">Marshall Deutelbaum<\/a><\/li><li><a href=\"http:\/\/www.16-9.dk\/skribent\/karen-dich\/\">Karen Dich<\/a><\/li><li><a href=\"http:\/\/www.16-9.dk\/2014\/01\/niels-joergen-dinnesen-artikler-i-arkivet\/\">Niels J\u00f8rgen Dinnesen<\/a><\/li><li><a href=\"http:\/\/www.16-9.dk\/2014\/01\/kirstine-dollerup-artikler-i-arkivet\/\">Kirstine Dollerup<\/a><\/li><li><a href=\"http:\/\/www.16-9.dk\/skribent\/sebastien-doubinsky\/\">S\u00e9bastien Doubinsky<\/a><\/li><li><a href=\"http:\/\/www.16-9.dk\/skribent\/anders-emilie\/\">Emilie Dybdal<\/a><\/li><\/ul>\n\n\n\n<h3 class=\"wp-block-heading\">E<\/h3>\n\n\n\n<ul><li><a href=\"http:\/\/www.16-9.dk\/skribent\/asger-ebdrup\/\">Asger Ebdrup<\/a><\/li><li><a href=\"http:\/\/www.16-9.dk\/2014\/01\/audun-engelstad-artikler-i-arkivet\/\">Audun Engelstad<\/a><\/li><li><a href=\"http:\/\/www.16-9.dk\/2014\/01\/laust-ejstrup-artikler-i-arkivet\/\">Laust Ejstrup<\/a><\/li><\/ul>\n\n\n\n<h3 class=\"wp-block-heading\">F<\/h3>\n\n\n\n<ul><li><a href=\"http:\/\/www.16-9.dk\/2014\/01\/steen-fiil-artikler-i-arkivet\/\">Steen Fiil<\/a><\/li><li><a href=\"http:\/\/www.16-9.dk\/2014\/01\/matthew-flanagan-artikler-i-arkivet\/\">Matthew Flanagan<\/a><\/li><li><a href=\"http:\/\/www.16-9.dk\/skribent\/rasmus-bach-frandsen\/\">Rasmus Bach Frandsen<\/a><\/li><li><a href=\"http:\/\/www.16-9.dk\/2014\/01\/pia-strandbygaard-frandsen-artikler-i-arkivet\/\">Pia Strandbygaard Frandsen<\/a><\/li><li><a href=\"http:\/\/www.16-9.dk\/skribent\/klaus-roed-frederiksen\/\">Kla\u00fbs R\u00f8d Frederiksen<\/a><\/li><li><a href=\"http:\/\/www.16-9.dk\/2014\/01\/jonathan-frome-artikler-i-arkivet\/\">Jonathan Frome<\/a><\/li><li><a href=\"http:\/\/www.16-9.dk\/skribenter-old\/fyfe-stewart-heinz.htm\">Stewart Heinz Fyfe<\/a><\/li><\/ul>\n\n\n\n<h3 class=\"wp-block-heading\">G<\/h3>\n\n\n\n<ul><li><a href=\"http:\/\/www.16-9.dk\/skribent\/lynge-stegger-gemzoe\/\">Lynge Stegger Gemz\u00f8e<\/a><\/li><li><a href=\"http:\/\/www.16-9.dk\/skribenter-old\/giulia-valle.htm\">Valle Giulia<\/a><\/li><li><a href=\"http:\/\/www.16-9.dk\/skribent\/dorte-schmidt-granild\/\">Dorte Schmidt Granild<\/a><\/li><li><a href=\"http:\/\/www.16-9.dk\/skribent\/grant\/\">Catherine Grant<\/a><\/li><li><a href=\"http:\/\/www.16-9.dk\/2014\/01\/anne-hammerich-graversen-artikler-i-arkivet\/\">Anne Hammerich Graversen<\/a><\/li><li><a href=\"http:\/\/www.16-9.dk\/skribent\/elisabeth-gripsrud\/\">Elisabeth Gripsrud<\/a><\/li><li><a href=\"http:\/\/www.16-9.dk\/2014\/01\/nis-groen-artikler-i-arkivet\/\">Nis Gr\u00f8n<\/a><\/li><li><a href=\"http:\/\/www.16-9.dk\/2014\/01\/karen-groendahl-artikler-i-arkivet\/\">Karen Gr\u00f8ndahl<\/a><\/li><li><a href=\"http:\/\/www.16-9.dk\/2014\/01\/peder-groengaard-artikler-i-arkivet\/\">Peder Gr\u00f8ngaard<\/a><\/li><li><a href=\"http:\/\/www.16-9.dk\/skribent\/anders-emilie\/\">Anders Gr\u00f8nlund<\/a><\/li><\/ul>\n\n\n\n<h3 class=\"wp-block-heading\">H<\/h3>\n\n\n\n<ul><li><a href=\"http:\/\/www.16-9.dk\/skribent\/lindsay-hallam\/\">Lindsay Hallam<\/a><\/li><li><a href=\"http:\/\/www.16-9.dk\/skribent\/andreas-halskov\/\">Andreas Kakiou Halskov<\/a><\/li><li><a href=\"http:\/\/www.16-9.dk\/2014\/01\/henning-boetner-hansen-artikler-i-arkivet\/\">Henning B\u00f8tner Hansen<\/a><\/li><li><a href=\"http:\/\/www.16-9.dk\/2014\/01\/iben-have-artikler-i-arkivet\/\">Iben&nbsp;Have<\/a><\/li><li><a href=\"http:\/\/www.16-9.dk\/skribent\/rasmus-helms\/\">Rasmus Helms<\/a><\/li><li><a href=\"http:\/\/www.16-9.dk\/skribent\/maja-moeller-hendel\/\">Maja M\u00f8ller Hendel<\/a><\/li><li><a href=\"http:\/\/www.16-9.dk\/skribent\/pernille-hermann\/\">Pernille Hermann<\/a><\/li><li><a href=\"http:\/\/www.16-9.dk\/2014\/01\/henrik-holch-artikler-i-arkivet\/\">Henrik Holch<\/a><\/li><li><a href=\"http:\/\/www.16-9.dk\/skribenter-old\/houlind-martin.html\">Martin Houlind<\/a><\/li><li><a href=\"http:\/\/www.16-9.dk\/skribent\/nicholas-hudac\/\">Nicholas Hudac<\/a><\/li><li><a href=\"http:\/\/www.16-9.dk\/2014\/01\/steffen-hven-artikler-i-arkivet\/\">Steffen Hven<\/a><\/li><li><a href=\"http:\/\/www.16-9.dk\/skribent\/clasen-knudsen\/\">Marc Hye-Knudsen<\/a><\/li><li><a href=\"http:\/\/www.16-9.dk\/2014\/01\/mogens-skaaning-hoeegsberg-artikler-i-arkivet\/\">Mogens Skaaning&nbsp;H\u00f8egsberg<\/a><\/li><li><a href=\"http:\/\/www.16-9.dk\/skribent\/lennard-hoejbjerg\/\">Lennard H\u00f8jbjerg<\/a><\/li><li><a href=\"http:\/\/www.16-9.dk\/skribent\/henrik-hoejer\/\">Henrik H\u00f8jer<\/a><\/li><li><a href=\"http:\/\/www.16-9.dk\/skribent\/michael-hoejer\/\">Michael H\u00f8jer<\/a><\/li><li><a href=\"http:\/\/www.16-9.dk\/skribent\/jens-haaning\/\">Jens Haaning<\/a><\/li><li><a href=\"http:\/\/www.16-9.dk\/2014\/01\/helle-kannik-haastrup-artikler-i-arkivet\/\">Helle Kannik Haastrup<\/a><\/li><\/ul>\n\n\n\n<h3 class=\"wp-block-heading\">I<\/h3>\n\n\n\n<ul><li><a href=\"http:\/\/www.16-9.dk\/2014\/01\/lille-henrivende-inge-artikler-i-arkivet\/\">Lille Henrivende Inge<\/a><\/li><li><a href=\"http:\/\/www.16-9.dk\/2014\/01\/ebbe-iversen-artikler-i-arkivet\/\">Ebbe Iversen<\/a><\/li><\/ul>\n\n\n\n<h3 class=\"wp-block-heading\">J<\/h3>\n\n\n\n<ul><li><a href=\"http:\/\/www.16-9.dk\/skribent\/hans-frederik-jacobsen\/\">Hans Frederik Jacobsen<\/a><\/li><li><a href=\"http:\/\/www.16-9.dk\/2014\/01\/louise-brix-jacobsen-artikler-i-arkivet\/\">Louise Brix Jacobsen<\/a><\/li><li><a href=\"http:\/\/www.16-9.dk\/skribent\/morten-jacobsen\/\">Morten Jacobsen<\/a><\/li><li><a href=\"http:\/\/www.16-9.dk\/skribent\/niels-bonde-jensen\/\">Niels Kristian Bonde Jensen<\/a><\/li><li><a href=\"http:\/\/www.16-9.dk\/2014\/01\/henrik-uth-jensen-artikler-i-arkivet\/\">Henrik Uth Jensen<\/a><\/li><li><a href=\"http:\/\/www.16-9.dk\/skribent\/jesper-jensen\/\">Jesper Jensen<\/a><\/li><li><a href=\"http:\/\/www.16-9.dk\/2014\/01\/kasper-oesterholdt-jensen-artikler-i-arkivet\/\">Kasper \u00d8sterholdt Jensen<\/a><\/li><li><a href=\"http:\/\/www.16-9.dk\/2014\/01\/kim-lang-jensen-artikler-i-arkivet\/\">Kim Lang Jensen<\/a><\/li><li><a href=\"http:\/\/www.16-9.dk\/skribent\/mikkel-jensen\/\">Mikkel Jensen<\/a><\/li><li><a href=\"http:\/\/www.16-9.dk\/skribent\/troels-peter-mourits-jensen\/\">Troels Peter Mourits Jensen<\/a><\/li><li><a href=\"http:\/\/www.16-9.dk\/2014\/01\/ib-johansen-artikler-i-arkivet\/\">Ib Johansen<\/a><\/li><li><a href=\"http:\/\/www.16-9.dk\/2014\/01\/henrik-juel-artikler-i-arkivet\/\">Henrik Juel<\/a><\/li><li><a href=\"http:\/\/www.16-9.dk\/2014\/01\/morten-vejlgaard-just-artikler-i-arkivet\/\">Morten Vejlgaard Just<\/a><\/li><li><a href=\"http:\/\/www.16-9.dk\/skribent\/jeppe-ank-joergensen\/\">Jeppe Ank J\u00f8rgensen<\/a><\/li><\/ul>\n\n\n\n<h3 class=\"wp-block-heading\">K<\/h3>\n\n\n\n<ul><li><a href=\"http:\/\/www.16-9.dk\/2014\/01\/jonas-kangas-artikler-i-arkivet\/\">Jonas&nbsp;Kangas<\/a><\/li><li><a href=\"http:\/\/www.16-9.dk\/2014\/01\/edvin-vestergaard-kau-artikler-i-arkivet\/\">Edvin Vestergaard Kau<\/a><\/li><li><a href=\"http:\/\/www.16-9.dk\/2014\/01\/tabish-khair-artikler-i-arkivet\/\">Tabish Khair<\/a><\/li><li><a aria-label=\" (opens in a new tab)\" rel=\"noreferrer noopener\" href=\"http:\/\/www.16-9.dk\/2014\/01\/jonas-varsted-kirkegaard-artikler-i-arkivet\/\" target=\"_blank\">Jonas Varsted Kirkegaard<\/a><\/li><li><a href=\"http:\/\/www.16-9.dk\/skribent\/jens-kjeldgaard-christiansen\/\">Jens Kjeldgaard-Christiansen<\/a><\/li><li><a href=\"http:\/\/www.16-9.dk\/skribent\/jane-marie-knudsen\/\">Jane Marie Knudsen<\/a><\/li><li><a href=\"http:\/\/www.16-9.dk\/skribent\/mathias-bonde-korsgaard\/\">Mathias Bonde Korsgaard<\/a><\/li><li><a href=\"http:\/\/www.16-9.dk\/2014\/01\/brian-trabjerg-kristensen-artikler-i-arkivet\/\">Brian Trabjerg&nbsp;Kristensen<\/a><\/li><li><a href=\"http:\/\/www.16-9.dk\/2014\/01\/niklas-boel-kristensen-artikler-i-arkivet\/\">Niklas Boel Kristensen<\/a><\/li><li><a href=\"http:\/\/www.16-9.dk\/2014\/01\/rasmus-krogh-artikler-i-arkivet\/\">Rasmus Krogh<\/a><\/li><li><a href=\"http:\/\/www.16-9.dk\/skribent\/sophie-hoffritz-krogh\/\">Sophie Hoffritz Krogh<\/a><\/li><li><a href=\"http:\/\/www.16-9.dk\/skribent\/lasse-kroegh\/\">Lasse Kr\u00f8gh<\/a><\/li><\/ul>\n\n\n\n<h3 class=\"wp-block-heading\">L<\/h3>\n\n\n\n<ul><li><a href=\"http:\/\/www.16-9.dk\/2014\/01\/jakob-ladegaard-artikler-i-arkivet\/\">Jakob Ladegaard<\/a><\/li><li><a href=\"http:\/\/www.16-9.dk\/2014\/01\/soren-langelund-artikler-i-arkivet\/\">S\u00f8ren Langelund<\/a><\/li><li><a href=\"http:\/\/www.16-9.dk\/skribent\/jakob-langkjaer\/\">Jakob Langkj\u00e6r<\/a><\/li><li><a href=\"http:\/\/www.16-9.dk\/2014\/01\/claus-larsen-artikler-i-arkivet\/\">Claus Larsen<\/a><\/li><li><a href=\"http:\/\/www.16-9.dk\/skribent\/marie-larsen\/\">Marie Larsen<\/a><\/li><li><a href=\"http:\/\/www.16-9.dk\/2014\/01\/tue-sand-larsen-artikler-i-arkivet\/\">Tue Sand Larsen<\/a><\/li><li><a href=\"http:\/\/www.16-9.dk\/skribent\/thomas-schwartz-larsen\/\">Thomas Schwartz Larsen<\/a><\/li><li><a href=\"http:\/\/www.16-9.dk\/skribent\/jeppe-kuhn-laugesen\/\">Jeppe K\u00fchn Laugesen<\/a><\/li><li><a href=\"http:\/\/www.16-9.dk\/skribent\/palle-schantz-lauridsen\/\">Palle Schantz Lauridsen<\/a><\/li><li><a href=\"http:\/\/www.16-9.dk\/skribent\/kasper-lauritzen\/\">Kasper Lauritzen<\/a><\/li><li><a href=\"http:\/\/www.16-9.dk\/2014\/01\/jesper-grubb-laursen-artikler-i-arkivet\/\">Jesper Grubb Laursen<\/a><\/li><li><a href=\"http:\/\/www.16-9.dk\/2014\/01\/thomas-lind-laursen-artikler-i-arkivet\/\">Thomas Lind Laursen<\/a><\/li><li><a href=\"http:\/\/www.16-9.dk\/2014\/01\/erlend-lavik-artikler-i-arkivet\/\">Erlend&nbsp;Lavik<\/a><\/li><li><a href=\"http:\/\/www.16-9.dk\/2014\/01\/maximilian-le-cain-artikler-i-arkivet\/\">Maximilian Le Cain<\/a><\/li><li><a href=\"http:\/\/www.16-9.dk\/2014\/01\/mark-le-fanu-artikler-i-arkivet\/\">Mark Le Fanu<\/a><\/li><li><a href=\"http:\/\/www.16-9.dk\/2014\/01\/charles-jason-lee-artikler-i-arkivet\/\">Charles Jason Lee<\/a><\/li><li><a href=\"http:\/\/www.16-9.dk\/skribent\/lau-lehrmann\/\">Lau Lehrmann<\/a><\/li><li><a href=\"http:\/\/www.16-9.dk\/skribent\/cristina\/\">Cristina \u00c1lvarez L\u00f3pez<\/a><\/li><li><a href=\"http:\/\/www.16-9.dk\/2014\/01\/jonas-ludvigsen-artikler-i-arkivet\/\">Jonas Ludvigsen<\/a><\/li><li><a href=\"http:\/\/www.16-9.dk\/skribent\/thomas-enemark-lundtofte\/\">Thomas Enemark Lundtofte<\/a><\/li><li><a href=\"http:\/\/www.16-9.dk\/2014\/01\/anders-lysne-artikler-i-arkivet\/\">Anders Lysne<\/a><\/li><\/ul>\n\n\n\n<h3 class=\"wp-block-heading\">M<\/h3>\n\n\n\n<ul><li><a href=\"http:\/\/www.16-9.dk\/2014\/01\/rune-bruun-madsen-artikler-i-arkivet\/\">Rune Bruun Madsen<\/a><\/li><li><a href=\"http:\/\/www.16-9.dk\/skribent\/grant\/\">Deborah Martin<\/a><\/li><li><a href=\"http:\/\/www.16-9.dk\/2014\/01\/adrian-martin-artikler-i-arkivet\/\">Adrian Martin<\/a><\/li><li><a href=\"http:\/\/www.16-9.dk\/2014\/01\/nicola-marzano-artikler-i-arkivet\/\">Nicola Marzano<\/a><\/li><li><a href=\"http:\/\/www.16-9.dk\/2014\/01\/tanja-mattrup-artikler-i-arkivet\/\">Tanja Mattrup<\/a><\/li><li><a href=\"http:\/\/www.16-9.dk\/2014\/01\/joe-mcelhaney-artikler-i-arkivet\/\">Joe McElhaney<\/a><\/li><li><a href=\"http:\/\/www.16-9.dk\/skribent\/kenneth-mcneil\/\">Kenneth McNeil<\/a><\/li><li><a href=\"http:\/\/www.16-9.dk\/skribent\/mads-mikkelsen\/\">Mads Mikkelsen<\/a><\/li><li><a href=\"http:\/\/www.16-9.dk\/skribent\/steffen-moestrup\/\">Steffen Moestrup<\/a><\/li><li><a href=\"http:\/\/www.16-9.dk\/2014\/01\/jesper-moldaschl-artikler-i-arkivet\/\">Jesper&nbsp;Moldaschl<\/a><\/li><li><a href=\"http:\/\/www.16-9.dk\/2014\/01\/stig-morol-artikler-i-arkivet\/\">Stig Morol<\/a><\/li><li><a href=\"http:\/\/www.16-9.dk\/2014\/01\/thure-munkholm-artikler-i-arkivet\/\">Thure Munkholm<\/a><\/li><li><a href=\"http:\/\/www.16-9.dk\/2014\/01\/juliane-kvitsau-molgaard-artikler-i-arkivet\/\">Juliane Kvitsau M\u00f8lgaard<\/a><\/li><\/ul>\n\n\n\n<h3 class=\"wp-block-heading\">N<\/h3>\n\n\n\n<ul><li><a href=\"http:\/\/www.16-9.dk\/2014\/01\/jenna-ng-artikler-i-arkivet\/\">Jenna Ng<\/a><\/li><li><a href=\"http:\/\/www.16-9.dk\/2014\/01\/henrik-smed-nielsen-artikler-i-arkivet\/\">Henrik Smed Nielsen<\/a><\/li><li><a href=\"http:\/\/www.16-9.dk\/skribent\/jakob-isak-nielsen\/\">Jakob Isak Nielsen<\/a><\/li><li><a href=\"http:\/\/www.16-9.dk\/2014\/01\/jens-amdi-nielsen-artikler-i-arkivet\/\">Jens Amdi Nielsen<\/a><\/li><li><a href=\"http:\/\/www.16-9.dk\/2014\/01\/lisbeth-overgaard-nielsen-artikler-i-arkivet\/\">Lisbeth Overgaard Nielsen<\/a><\/li><li><a href=\"http:\/\/www.16-9.dk\/2014\/01\/mads-einer-nielsen-artikler-i-arkivet\/\">Mads Einer Nielsen<\/a><\/li><li><a href=\"http:\/\/www.16-9.dk\/skribent\/steen-kaargaard-nielsen\">Steen Kaargaard Nielsen<\/a><\/li><li><a href=\"http:\/\/www.16-9.dk\/skribent\/thomas-noergaard\/\">Thomas N\u00f8rgaard<\/a><\/li><\/ul>\n\n\n\n<h3 class=\"wp-block-heading\">O<\/h3>\n\n\n\n<ul><li><a href=\"http:\/\/16-9.dk\/skribent\/alan-o-leary\/\">Alan O\u2019Leary<\/a><\/li><li><a href=\"http:\/\/www.16-9.dk\/skribent\/jan-oxholm\/\">Jan Oxholm<\/a><\/li><\/ul>\n\n\n\n<h3 class=\"wp-block-heading\">P<\/h3>\n\n\n\n<ul><li><a href=\"http:\/\/www.16-9.dk\/2014\/01\/lars-gorzelak-pedersen-artikler-i-arkivet\/\">Lars Gorzelak Pedersen<\/a><\/li><li><a href=\"http:\/\/www.16-9.dk\/2014\/01\/maria-wiggers-pedersen-artikler-i-arkivet\/\">Maria Wiggers Pedersen<\/a><\/li><li><a href=\"http:\/\/www.16-9.dk\/2014\/01\/peter-ole-pedersen-artikler-i-arkivet\/\">Peter Ole Pedersen<\/a><\/li><li><a href=\"http:\/\/www.16-9.dk\/2014\/01\/rasmus-pedersen-artikler-i-arkivet\/\">Rasmus Pedersen<\/a><\/li><li><a href=\"http:\/\/www.16-9.dk\/2014\/01\/brian-petersen-artikler-i-arkivet\/\">Brian Petersen<\/a><\/li><li><a href=\"http:\/\/www.16-9.dk\/2014\/01\/v-f-perkins-artikler-i-arkivet\/\">V.F. Perkins<\/a><\/li><li><a href=\"http:\/\/www.16-9.dk\/2014\/01\/palle-bogelund-petterson-artikler-i-arkivet\/\">Palle B\u00f8gelund Petterson<\/a><\/li><li><a href=\"http:\/\/www.16-9.dk\/skribent\/heidi-philipsen\/\">Heidi Philipsen<\/a><\/li><li><a href=\"http:\/\/www.16-9.dk\/skribent\/nathali-herold-solon-pilegaard\/\">Nathali Herold Solon Pilegaard<\/a><\/li><li><a href=\"http:\/\/www.16-9.dk\/skribent\/soeren-soeberg-poulsen\/\">S\u00f8ren S\u00f8berg Poulsen<\/a><\/li><li><a href=\"http:\/\/www.16-9.dk\/skribent\/otto-pretzmann\/\">Otto\u00a0Pretzmann<\/a><\/li><li><a href=\"http:\/\/www.16-9.dk\/2014\/01\/pseudolus-artikler-i-arkivet\/\">Pseudolus<\/a><\/li><\/ul>\n\n\n\n<h3 class=\"wp-block-heading\">R<\/h3>\n\n\n\n<ul><li><a href=\"http:\/\/www.16-9.dk\/2014\/01\/mikkel-randlov-artikler-i-arkivet\/\">Mikkel Randl\u00f8v<\/a><\/li><li><a href=\"http:\/\/www.16-9.dk\/2014\/01\/richard-raskin-artikler-i-arkivet\/\">Richard Raskin<\/a><\/li><li><a href=\"http:\/\/www.16-9.dk\/2014\/01\/hanne-rost-rasmussen-artikler-i-arkivet\/\">Hanne Rost Rasmussen<\/a><\/li><li><a href=\"http:\/\/www.16-9.dk\/2014\/01\/esben-kjaer-ravn-artikler-i-arkivet\/\">Esben Kj\u00e6r Ravn<\/a><\/li><li><a href=\"http:\/\/www.16-9.dk\/2014\/01\/gentleman-rup-artikler-i-arkivet\/\">Gentleman Rup<\/a><\/li><li><a href=\"http:\/\/www.16-9.dk\/skribent\/henrik-rytter\/\">Henrik Rytter<\/a><\/li><li><a href=\"http:\/\/www.16-9.dk\/skribent\/peter-raagaard\/\">Peter Raagaard<\/a><\/li><\/ul>\n\n\n\n<h3 class=\"wp-block-heading\">S<\/h3>\n\n\n\n<ul><li><a href=\"http:\/\/www.16-9.dk\/2014\/01\/barry-salt-artikler-i-arkivet\/\">Barry Salt<\/a><\/li><li><a href=\"http:\/\/www.16-9.dk\/2014\/01\/kjetil-sandvik-artikler-i-arkivet\/\">Kjetil Sandvik<\/a><\/li><li><a href=\"http:\/\/www.16-9.dk\/2014\/01\/peter-schepelern-artikler-i-arkivet\/\">Peter Schepelern<\/a><\/li><li><a href=\"http:\/\/www.16-9.dk\/2014\/01\/morten-scholz-artikler-i-arkivet\/\">Morten&nbsp;Scholz<\/a><\/li><li><a href=\"http:\/\/www.16-9.dk\/skribent\/lilian-curran-hans-oluf-schou\/\">Hans Oluf Schou<\/a><\/li><li><a href=\"http:\/\/www.16-9.dk\/2014\/01\/rikke-schubart-artikler-i-arkivet\/\">Rikke&nbsp;Schubart<\/a><\/li><li><a href=\"http:\/\/www.16-9.dk\/2014\/01\/johannes-schonau-artikler-i-arkivet\/\">Johannes Sch\u00f8nau<\/a><\/li><li><a href=\"http:\/\/www.16-9.dk\/2014\/01\/orin-von-scrivello-artikler-i-arkivet\/\">Orin von Scrivello<\/a><\/li><li><a href=\"http:\/\/www.16-9.dk\/skribent\/ethan-de-seife\/\">Ethan de Seife<\/a><\/li><li><a href=\"http:\/\/www.16-9.dk\/2014\/01\/lisbeth-juhl-sibbesen-artikler-i-arkivet\/\">Lisbeth Juhl Sibbesen<\/a><\/li><li><a href=\"http:\/\/www.16-9.dk\/2014\/01\/kirsten-skov-artikler-i-arkivet\/\">Kirsten Skov<\/a><\/li><li><a href=\"http:\/\/www.16-9.dk\/skribent\/martin-skovhus\/\">Martin Skovhus<\/a><\/li><li><a href=\"http:\/\/www.16-9.dk\/skribent\/michael-skovmand\/\">Michael Skovmand<\/a><\/li><li><a href=\"http:\/\/www.16-9.dk\/2014\/01\/murray-smith-artikler-i-arkivet\/\">Murray&nbsp;Smith<\/a><\/li><li><a href=\"http:\/\/www.16-9.dk\/skribent\/sophie-engberg-sonne\/\">Sophie Engberg Sonne<\/a><\/li><li><a href=\"http:\/\/www.16-9.dk\/skribent\/paul-spicer\/\">Paul Spicer<\/a><\/li><li><a href=\"http:\/\/www.16-9.dk\/2014\/01\/katherine-spring-artikler-i-arkivet\/\">Katherine Spring<\/a><\/li><li><a href=\"http:\/\/www.16-9.dk\/skribent\/vilde-schanke-sundet\/\">Vilde Schanke Sundet<\/a><\/li><li><a href=\"http:\/\/www.16-9.dk\/2014\/01\/henrik-sylow-artikler-i-arkivet\/\">Henrik Sylow<\/a><\/li><li><a href=\"http:\/\/www.16-9.dk\/skribent\/morten-soeding-soerensen\/\">Morten S\u00f8ding S\u00f8rensen<\/a><\/li><\/ul>\n\n\n\n<h3 class=\"wp-block-heading\">T<\/h3>\n\n\n\n<ul><li><a href=\"http:\/\/www.16-9.dk\/skribent\/ole-thaisen\/\">Ole&nbsp;Thaisen<\/a><\/li><li><a href=\"http:\/\/www.16-9.dk\/skribent\/kristin-thompson\/\">Kristin Thompson<\/a><\/li><li><a href=\"http:\/\/www.16-9.dk\/2014\/01\/christian-braad-thomsen-artikler-i-arkivet\/\">Christian Braad Thomsen<\/a><\/li><li><a href=\"http:\/\/www.16-9.dk\/2014\/01\/louis-thonsgaard-artikler-i-arkivet\/\">Louis&nbsp;Thonsgaard<\/a><\/li><li><a href=\"http:\/\/www.16-9.dk\/skribent\/isak-thorsen\/\">Isak Thorsen<\/a><\/li><li><a href=\"http:\/\/www.16-9.dk\/skribent\/claus-toft-nielsen\/\">Claus Toft-Nielsen<\/a><\/li><li><a href=\"http:\/\/www.16-9.dk\/2014\/01\/rollo-tomasi-artikler-i-arkivet\/\">Rollo Tomasi<\/a><\/li><\/ul>\n\n\n\n<h3 class=\"wp-block-heading\">V<\/h3>\n\n\n\n<ul><li><a href=\"http:\/\/www.16-9.dk\/2014\/01\/billy-budd-vermillion-artikler-i-arkivet\/\">Billy Budd Vermillion<\/a><\/li><li><a href=\"http:\/\/www.16-9.dk\/2014\/01\/lau-dalvad-vesterdal-artikler-i-arkivet\/\">Lau Dalvad Vesterdal<\/a><\/li><li><a href=\"http:\/\/www.16-9.dk\/2014\/01\/alexander-vesterlund-artikler-i-arkivet\/\">Alexander Vesterlund<\/a><\/li><\/ul>\n\n\n\n<h3 class=\"wp-block-heading\">W<\/h3>\n\n\n\n<ul><li><a href=\"http:\/\/www.16-9.dk\/2014\/01\/bo-kampmann-walther-artikler-i-arkivet\/\">Bo Kampmann Walther<\/a><\/li><li><a href=\"http:\/\/www.16-9.dk\/2014\/01\/annette-wernblad-artikler-i-arkivet\/\">Annette Wernblad<\/a><\/li><\/ul>\n\n\n\n<p><\/p>\n","protected":false},"excerpt":{"rendered":"<p>Artiklerne i&nbsp;16:9&nbsp;skrives dels af medlemmerne af den faste&nbsp;redaktion&nbsp;og dels af eksterne skribenter. F\u00e6lles for dem alle er, at de besidder specialviden om film &#8211; i de fleste tilf\u00e6lde tilegnet via [&hellip;]<\/p>\n","protected":false},"author":17,"featured_media":0,"parent":0,"menu_order":0,"comment_status":"closed","ping_status":"closed","template":"","meta":{"footnotes":""},"_links":{"self":[{"href":"http:\/\/www.16-9.dk\/3\/wp-json\/wp\/v2\/pages\/234"}],"collection":[{"href":"http:\/\/www.16-9.dk\/3\/wp-json\/wp\/v2\/pages"}],"about":[{"href":"http:\/\/www.16-9.dk\/3\/wp-json\/wp\/v2\/types\/page"}],"author":[{"embeddable":true,"href":"http:\/\/www.16-9.dk\/3\/wp-json\/wp\/v2\/users\/17"}],"replies":[{"embeddable":true,"href":"http:\/\/www.16-9.dk\/3\/wp-json\/wp\/v2\/comments?post=234"}],"version-history":[{"count":0,"href":"http:\/\/www.16-9.dk\/3\/wp-json\/wp\/v2\/pages\/234\/revisions"}],"wp:attachment":[{"href":"http:\/\/www.16-9.dk\/3\/wp-json\/wp\/v2\/media?parent=234"}],"curies":[{"name":"wp","href":"https:\/\/api.w.org\/{rel}","templated":true}]}}