{"id":1098,"date":"2014-01-01T13:00:36","date_gmt":"2014-01-01T11:00:36","guid":{"rendered":"http:\/\/www.16-9.dk\/?page_id=1098"},"modified":"2014-05-08T22:46:29","modified_gmt":"2014-05-08T20:46:29","slug":"copyright","status":"publish","type":"page","link":"http:\/\/www.16-9.dk\/3\/copyright\/","title":{"rendered":"Copyright"},"content":{"rendered":"<p>Hvor intet andet er n\u00e6vnt, har\u00a0<em>16:9<\/em>\u00a0copyright p\u00e5 samtlige tekster p\u00e5 dette website.<\/p>\n<p>Rettighederne til billedmateriale tilh\u00f8rer de enkelte rettighedshavere og er udelukkende brugt i oplysningsm\u00e6ssigt og ikke-kommercielt \u00f8jemed.<\/p>\n<p>I forbindelse med omtale af filmtidsskriftet\u00a0<em>16:9<\/em>\u00a0og dets indhold i andre medier, m\u00e5 kortere tekstpassager gerne citeres med angivelse af kilde.<\/p>\n<p>Herudover g\u00e6lder god akademisk skik for kildeangivelse.<\/p>\n<p>Det er ikke et krav, men vi vil selvf\u00f8lgelig altid gerne vide, n\u00e5r vi bliver omtalt eller citeret. I s\u00e5 fald skriv en mail til\u00a0<a href=\"mailto:info@16-9.dk\">info@16-9.dk<\/a>.<\/p>\n<p>I tvivlstilf\u00e6lde\u00a0<a title=\"Kontakt\" href=\"http:\/\/www.16-9.dk\/kontakt\/\">kontakt<\/a>\u00a0venligst redaktionen.<\/p>\n","protected":false},"excerpt":{"rendered":"<p>Hvor intet andet er n\u00e6vnt, har\u00a016:9\u00a0copyright p\u00e5 samtlige tekster p\u00e5 dette website. Rettighederne til billedmateriale tilh\u00f8rer de enkelte rettighedshavere og er udelukkende brugt i oplysningsm\u00e6ssigt og ikke-kommercielt \u00f8jemed. I forbindelse [&hellip;]<\/p>\n","protected":false},"author":17,"featured_media":0,"parent":0,"menu_order":0,"comment_status":"closed","ping_status":"closed","template":"","meta":{"footnotes":""},"_links":{"self":[{"href":"http:\/\/www.16-9.dk\/3\/wp-json\/wp\/v2\/pages\/1098"}],"collection":[{"href":"http:\/\/www.16-9.dk\/3\/wp-json\/wp\/v2\/pages"}],"about":[{"href":"http:\/\/www.16-9.dk\/3\/wp-json\/wp\/v2\/types\/page"}],"author":[{"embeddable":true,"href":"http:\/\/www.16-9.dk\/3\/wp-json\/wp\/v2\/users\/17"}],"replies":[{"embeddable":true,"href":"http:\/\/www.16-9.dk\/3\/wp-json\/wp\/v2\/comments?post=1098"}],"version-history":[{"count":0,"href":"http:\/\/www.16-9.dk\/3\/wp-json\/wp\/v2\/pages\/1098\/revisions"}],"wp:attachment":[{"href":"http:\/\/www.16-9.dk\/3\/wp-json\/wp\/v2\/media?parent=1098"}],"curies":[{"name":"wp","href":"https:\/\/api.w.org\/{rel}","templated":true}]}}